{"id":7112,"date":"2025-04-30T17:03:06","date_gmt":"2025-04-30T14:03:06","guid":{"rendered":"https:\/\/sisu.ut.ee\/ewod\/?page_id=7112"},"modified":"2025-06-02T14:41:21","modified_gmt":"2025-06-02T11:41:21","slug":"ilmi-kolla-kohta","status":"publish","type":"page","link":"https:\/\/ewod.ut.ee\/et\/k\/ilmi-kolla\/ilmi-kolla-kohta\/","title":{"rendered":"Ilmi Kolla kohta"},"content":{"rendered":"<p><strong><em>Artiklid<\/em><\/strong><br>J. Schmuul, <strong>Meie poeetide j\u00e4relkasvust<\/strong>. \u2013 Noorte H\u00e4\u00e4l 1. XI 1950<br>Debora Vaarandi, <strong>Noortest luuletajatest<\/strong>. \u2013 Noorte H\u00e4\u00e4l 26. XI 1953<br>Aksel Tamm, <strong>Ilmi Kolla v\u00e4rsiraamatut lugedes<\/strong>. \u2013 Looming, nr 11, 1957, lk 1753\u20131756<br>Villem Tiskre (=Bernard Kangro),\u00a0<strong>Mul pole jumalat<\/strong>. \u2013 Tulimuld, nr 6, 1957, lk 324\u2013327.<br>[Anne Kolla], <strong>Ilmi Kolla ema jutustab<\/strong>. \u2013 Edasi 20. XII 1964<br>Helene Siimisker, <strong>\u00dchest \u201eS\u00e4deme\u201c kirjasaatjast, kellest sai luuletaja<\/strong>. \u2013 S\u00e4de 9. XII 1964<br>Helene Siimisker, <strong>K\u00f5ik j\u00e4i pooleli. Ilmi Kolla elust ja lauludest<\/strong>. \u2013 Looming, nr 7, 1966, lk 1112\u20131122; nr 8, lk 1267\u20131277<br>E. Ojasoo, <strong>Luules j\u00e4\u00e4dvustunud elujanu<\/strong>. \u2013 P\u00e4rnu Kommunist 21. XII 1974<br>Silvia Nagelmaa, <strong>Ilmi Kolla<\/strong>. \u2013 Ilmi Kolla, Minu kevad. Koostanud Silvia Nagelmaa. Tallinn: Eesti Raamat, 1983, lk 102-109<br>Oskar Kruus, <strong>[pealkirjata; Ilmi Kolla ja Helgi Mulleri luulekogudest]<\/strong>. \u2013 Edasi 28. I 1984<br>Aarne Ruben, <strong>Ingel ei ole naine \u2013 Ilmi Kolla juhtum<\/strong>. \u2013 KesKus, nr 1, 2001<br>Grete Naaber, <strong>Ilmi Kolla \u201eNukrad hetked\u201c vallutas paljud luules\u00f5brad<\/strong>. \u2013 P\u00e4rnu Postimees 20. III 2003<br>Eve Annuk, <strong>Tekstid ja vastutekstid: kirjavahetused stalinismi kontekstis<\/strong>. \u2013 Keel ja Kirjandus, nr 11, 2003, lk 838-848<br>Eve Annuk, <strong>Naised ja kirjanduslugu: tuntud ja tundmatu Ilmi Kolla<\/strong>. \u2013 Ariadne L\u00f5ng, nr 1-2, 2003, lk 72-90<br>Eve Annuk, <strong>Keha ja haigus Ilmi Kolla kirjades ja luuletustes<\/strong>. \u2013 Ariadne L\u00f5ng, nr 1-2, 2004, lk 43-57<br>Toomas Liiv, <strong>Ariadne L\u00f5ngast ja Ilmi Kollast<\/strong>. \u2013 Sirp 5. XI 2004<br>Eve Annuk, <strong>Toimetamine kui tsensuur: mida jutustas Ilmi Kolla ema?<\/strong>. \u2013 Vikerkaar, nr 9, 2005, lk 52-71<br>Eve Annuk, <strong>Uurija rollist ja eetikast biograafilise uurimise kontekstis Ilmi Kolla kirjavahetuse n\u00e4itel<\/strong>. \u2013 V\u00f5im ja kultuur 2. Toimetanud Mare K\u00f5iva. Tartu: Eesti Kirjandusmuuseum, 2006, lk 161-182<br>Eve Annuk, <strong>\u201eMul on nii palju tahet kirjutada\u2026\u201c: Ilmi Kollast ja tema kirjadest<\/strong>. \u2013 Tuna, nr 3, 2007, lk 117-120<br>Ilmar Palli, <strong>Ilmi Kolla ajad ja rajad<\/strong>. \u2013 Maaleht 8. XI 2007<br><strong>Debora Vaarandi ja Ilmi Kolla kirjavahetus<\/strong>. \u2013 Looming, nr 10, 2007, lk 1555\u20131567; j\u00e4rels\u00f5na: Sirje Olesk, Saateks kirjavahetusele: kirjanduslik j\u00e4relkasv riigi hoole all. \u2013 Looming, nr 10, 2007, lk 1568\u20131571<br>Eve Annuk, <strong>Luulesse k\u00e4tketud elujanu<\/strong>. \u2013 Ilmi Kolla, K\u00f5ik mu laulud. Tallinn: Eesti Raamat, 2009, lk 5-13<br>Eve Annuk, <strong>\u201eEnt kui sa nii mu v\u00e4rsse sirvid, siis nagu p\u00e4evikust sa loed\u201c: luule kui autobiograafia Ilmi Kolla loomingu n\u00e4itel<\/strong>. \u2013 Looming, nr 9, 2010, lk 1302-1313<br>Eve Annuk, <strong>Haiguse kujutamine luuletaja Ilmi Kolla kirjades<\/strong>. \u2013 M\u00e4etagused, nr 45, 2010, lk 39-52<br>Eve Annuk, <strong>Honoraripoliitikast Eestis stalinismi perioodil<\/strong>. \u2013 Methis, nr 7, 2011, lk 41-54<br>Eve Annuk, <strong>Tekstiv\u00e4ljaanded, soolisus ja kirjandusajalugu Ilmi Kolla loomingu n\u00e4itel<\/strong>. \u2013 Kirjandusp\u00e4rand kultuuriloos: artikleid ja uurimusi 2008-2014. Eesti Kultuuriloolise Arhiivi 85. s\u00fcnnip\u00e4evaks. Tartu: Eesti Kirjandusmuuseumi Teaduskirjastus, 2014, lk 86-104<br>Aigi Viira, <strong>Ilmi Kolla ei olnud s\u00fc\u00fctu neitsi, vaid noor ja elur\u00f5\u00f5mus naine<\/strong>. \u2013 \u00d5htuleht 18. XII 2011<br>Eve Annuk, <strong>Kellele on foto adresseeritud?: Fotod biograafiauurimise kontekstis<\/strong>. \u2013 Adressaadi d\u00fcnaamika ja kirjanduse pingev\u00e4ljad. Koostajad ja toimetajad: Leena Kurvet-K\u00e4osaar ja Marin Laak. Tartu: Tartu \u00dclikooli Kirjastus, 2016, lk 112-129<br>Eve Annuk, <strong>Stalinismi \u201eTeised\u201c: Ilmi Kolla kui teisitim\u00f5tleja<\/strong>. \u2013 Methis, nr 20, 2017, lk 77-98<br>Heili Reinart, <strong>Ajaloonaine. Poetess Ilmi Kolla suri 21-aastasena, vaid m\u00f5ni p\u00e4ev p\u00e4rast oma pulma, mis oli paljudele m\u00f5istatus<\/strong>. \u2013 Postimees 1. VI 2021<br>Alvar Loog, <strong>Ainus v\u00f5imalus j\u00e4\u00e4da igavesti nooreks on noorelt surra<\/strong>. \u2013 Postimees 3. VI 2023<\/p>\n\n\n\n<p><em><strong>Arvustused<\/strong><\/em><br>Aksel Tamm,\u00a0<strong>Ilmi Kolla v\u00e4rsiraamatut lugedes<\/strong>. \u2013 Looming, nr 11, 1957, lk 1753\u20131756.<br>A. Piir, <strong>Luule t\u00f5est ja valest. M\u00f5tteid Ilmi Kolla \u201eLuuletuste\u201c puhul<\/strong>. \u2013 Uus Tee 22. VI 1957<br>Elem Treier, <strong>Luulekogu \u00fc\u00fcrikesest loominguajast<\/strong>. \u2013 Sirp ja Vasar 6. IX 1957<br>Olaf Utt, <strong>Kolmest v\u00e4rskest v\u00e4rsiraamatust<\/strong>. \u2013 Edasi 27. IX 1957 [\u201eLuuletused\u201c]<br>Paul Viiding,\u00a0<strong>Eesti luulest 1957. aastal<\/strong>. \u2013 Looming, nr 4, 1958, lk 575 \u2013 582. [Ilmi Kolla luulekogust \u2018Luuletused\u2019 lk 579.]<br>Helene Siimisker,\u00a0<strong>Ilmi Kolla ja tema \u2018Nukrad hetked\u2019<\/strong>. \u2013 Sirp ja Vasar, 18. XII 1964, lk 3\u20134.<br>Oskar Kruus,\u00a0<strong>Arvustus luulekogule \u2018Minu kevad\u2019<\/strong>. \u2013 Edasi, 28. I 1984, lk 5.<br>Ilmar Palli, <strong>Poetess Ilmi Kolla heas ja armastavas seltskonnas<\/strong>. \u2013 Maaleht 14. V 2009 [\u201eK\u00f5ik mu laulud\u201c]<br>Aare Pilv, <strong>Lunastaja Ilmi Kolla<\/strong>. \u2013 Eesti Ekspress 11. VI 2009 [\u201eK\u00f5ik mu laulud\u201c]<\/p>\n","protected":false},"excerpt":{"rendered":"<p>ArtiklidJ. Schmuul, Meie poeetide j\u00e4relkasvust. \u2013 Noorte H\u00e4\u00e4l 1. XI 1950Debora Vaarandi, Noortest luuletajatest. \u2013 Noorte H\u00e4\u00e4l 26. XI 1953Aksel Tamm, Ilmi Kolla v\u00e4rsiraamatut lugedes. \u2013 Looming, nr 11, 1957, lk 1753\u20131756Villem Tiskre (=Bernard Kangro),\u00a0Mul pole jumalat. \u2013 Tulimuld, nr &#8230;<\/p>\n","protected":false},"author":43,"featured_media":0,"parent":7110,"menu_order":0,"comment_status":"closed","ping_status":"closed","template":"","meta":{"_acf_changed":false,"inline_featured_image":false,"footnotes":""},"class_list":["post-7112","page","type-page","status-publish","hentry"],"acf":[],"_links":{"self":[{"href":"https:\/\/ewod.ut.ee\/et\/wp-json\/wp\/v2\/pages\/7112","targetHints":{"allow":["GET"]}}],"collection":[{"href":"https:\/\/ewod.ut.ee\/et\/wp-json\/wp\/v2\/pages"}],"about":[{"href":"https:\/\/ewod.ut.ee\/et\/wp-json\/wp\/v2\/types\/page"}],"author":[{"embeddable":true,"href":"https:\/\/ewod.ut.ee\/et\/wp-json\/wp\/v2\/users\/43"}],"replies":[{"embeddable":true,"href":"https:\/\/ewod.ut.ee\/et\/wp-json\/wp\/v2\/comments?post=7112"}],"version-history":[{"count":4,"href":"https:\/\/ewod.ut.ee\/et\/wp-json\/wp\/v2\/pages\/7112\/revisions"}],"predecessor-version":[{"id":7336,"href":"https:\/\/ewod.ut.ee\/et\/wp-json\/wp\/v2\/pages\/7112\/revisions\/7336"}],"up":[{"embeddable":true,"href":"https:\/\/ewod.ut.ee\/et\/wp-json\/wp\/v2\/pages\/7110"}],"wp:attachment":[{"href":"https:\/\/ewod.ut.ee\/et\/wp-json\/wp\/v2\/media?parent=7112"}],"curies":[{"name":"wp","href":"https:\/\/api.w.org\/{rel}","templated":true}]}}

<p><strong><em>Artiklid</em></strong><br>J. Schmuul, <strong>Meie poeetide järelkasvust</strong>. – Noorte Hääl 1. XI 1950<br>Debora Vaarandi, <strong>Noortest luuletajatest</strong>. – Noorte Hääl 26. XI 1953<br>Aksel Tamm, <strong>Ilmi Kolla värsiraamatut lugedes</strong>. – Looming, nr 11, 1957, lk 1753–1756<br>Villem Tiskre (=Bernard Kangro), <strong>Mul pole jumalat</strong>. – Tulimuld, nr 6, 1957, lk 324–327.<br>[Anne Kolla], <strong>Ilmi Kolla ema jutustab</strong>. – Edasi 20. XII 1964<br>Helene Siimisker, <strong>Ühest „Sädeme“ kirjasaatjast, kellest sai luuletaja</strong>. – Säde 9. XII 1964<br>Helene Siimisker, <strong>Kõik jäi pooleli. Ilmi Kolla elust ja lauludest</strong>. – Looming, nr 7, 1966, lk 1112–1122; nr 8, lk 1267–1277<br>E. Ojasoo, <strong>Luules jäädvustunud elujanu</strong>. – Pärnu Kommunist 21. XII 1974<br>Silvia Nagelmaa, <strong>Ilmi Kolla</strong>. – Ilmi Kolla, Minu kevad. Koostanud Silvia Nagelmaa. Tallinn: Eesti Raamat, 1983, lk 102-109<br>Oskar Kruus, <strong>[pealkirjata; Ilmi Kolla ja Helgi Mulleri luulekogudest]</strong>. – Edasi 28. I 1984<br>Aarne Ruben, <strong>Ingel ei ole naine – Ilmi Kolla juhtum</strong>. – KesKus, nr 1, 2001<br>Grete Naaber, <strong>Ilmi Kolla „Nukrad hetked“ vallutas paljud luulesõbrad</strong>. – Pärnu Postimees 20. III 2003<br>Eve Annuk, <strong>Tekstid ja vastutekstid: kirjavahetused stalinismi kontekstis</strong>. – Keel ja Kirjandus, nr 11, 2003, lk 838-848<br>Eve Annuk, <strong>Naised ja kirjanduslugu: tuntud ja tundmatu Ilmi Kolla</strong>. – Ariadne Lõng, nr 1-2, 2003, lk 72-90<br>Eve Annuk, <strong>Keha ja haigus Ilmi Kolla kirjades ja luuletustes</strong>. – Ariadne Lõng, nr 1-2, 2004, lk 43-57<br>Toomas Liiv, <strong>Ariadne Lõngast ja Ilmi Kollast</strong>. – Sirp 5. XI 2004<br>Eve Annuk, <strong>Toimetamine kui tsensuur: mida jutustas Ilmi Kolla ema?</strong>. – Vikerkaar, nr 9, 2005, lk 52-71<br>Eve Annuk, <strong>Uurija rollist ja eetikast biograafilise uurimise kontekstis Ilmi Kolla kirjavahetuse näitel</strong>. – Võim ja kultuur 2. Toimetanud Mare Kõiva. Tartu: Eesti Kirjandusmuuseum, 2006, lk 161-182<br>Eve Annuk, <strong>„Mul on nii palju tahet kirjutada…“: Ilmi Kollast ja tema kirjadest</strong>. – Tuna, nr 3, 2007, lk 117-120<br>Ilmar Palli, <strong>Ilmi Kolla ajad ja rajad</strong>. – Maaleht 8. XI 2007<br><strong>Debora Vaarandi ja Ilmi Kolla kirjavahetus</strong>. – Looming, nr 10, 2007, lk 1555–1567; järelsõna: Sirje Olesk, Saateks kirjavahetusele: kirjanduslik järelkasv riigi hoole all. – Looming, nr 10, 2007, lk 1568–1571<br>Eve Annuk, <strong>Luulesse kätketud elujanu</strong>. – Ilmi Kolla, Kõik mu laulud. Tallinn: Eesti Raamat, 2009, lk 5-13<br>Eve Annuk, <strong>„Ent kui sa nii mu värsse sirvid, siis nagu päevikust sa loed“: luule kui autobiograafia Ilmi Kolla loomingu näitel</strong>. – Looming, nr 9, 2010, lk 1302-1313<br>Eve Annuk, <strong>Haiguse kujutamine luuletaja Ilmi Kolla kirjades</strong>. – Mäetagused, nr 45, 2010, lk 39-52<br>Eve Annuk, <strong>Honoraripoliitikast Eestis stalinismi perioodil</strong>. – Methis, nr 7, 2011, lk 41-54<br>Eve Annuk, <strong>Tekstiväljaanded, soolisus ja kirjandusajalugu Ilmi Kolla loomingu näitel</strong>. – Kirjanduspärand kultuuriloos: artikleid ja uurimusi 2008-2014. Eesti Kultuuriloolise Arhiivi 85. sünnipäevaks. Tartu: Eesti Kirjandusmuuseumi Teaduskirjastus, 2014, lk 86-104<br>Aigi Viira, <strong>Ilmi Kolla ei olnud süütu neitsi, vaid noor ja elurõõmus naine</strong>. – Õhtuleht 18. XII 2011<br>Eve Annuk, <strong>Kellele on foto adresseeritud?: Fotod biograafiauurimise kontekstis</strong>. – Adressaadi dünaamika ja kirjanduse pingeväljad. Koostajad ja toimetajad: Leena Kurvet-Käosaar ja Marin Laak. Tartu: Tartu Ülikooli Kirjastus, 2016, lk 112-129<br>Eve Annuk, <strong>Stalinismi „Teised“: Ilmi Kolla kui teisitimõtleja</strong>. – Methis, nr 20, 2017, lk 77-98<br>Heili Reinart, <strong>Ajaloonaine. Poetess Ilmi Kolla suri 21-aastasena, vaid mõni päev pärast oma pulma, mis oli paljudele mõistatus</strong>. – Postimees 1. VI 2021<br>Alvar Loog, <strong>Ainus võimalus jääda igavesti nooreks on noorelt surra</strong>. – Postimees 3. VI 2023</p>



<p><em><strong>Arvustused</strong></em><br>Aksel Tamm, <strong>Ilmi Kolla värsiraamatut lugedes</strong>. – Looming, nr 11, 1957, lk 1753–1756.<br>A. Piir, <strong>Luule tõest ja valest. Mõtteid Ilmi Kolla „Luuletuste“ puhul</strong>. – Uus Tee 22. VI 1957<br>Elem Treier, <strong>Luulekogu üürikesest loominguajast</strong>. – Sirp ja Vasar 6. IX 1957<br>Olaf Utt, <strong>Kolmest värskest värsiraamatust</strong>. – Edasi 27. IX 1957 [„Luuletused“]<br>Paul Viiding, <strong>Eesti luulest 1957. aastal</strong>. – Looming, nr 4, 1958, lk 575 – 582. [Ilmi Kolla luulekogust ‘Luuletused’ lk 579.]<br>Helene Siimisker, <strong>Ilmi Kolla ja tema ‘Nukrad hetked’</strong>. – Sirp ja Vasar, 18. XII 1964, lk 3–4.<br>Oskar Kruus, <strong>Arvustus luulekogule ‘Minu kevad’</strong>. – Edasi, 28. I 1984, lk 5.<br>Ilmar Palli, <strong>Poetess Ilmi Kolla heas ja armastavas seltskonnas</strong>. – Maaleht 14. V 2009 [„Kõik mu laulud“]<br>Aare Pilv, <strong>Lunastaja Ilmi Kolla</strong>. – Eesti Ekspress 11. VI 2009 [„Kõik mu laulud“]</p>

<p>ArtiklidJ. Schmuul, Meie poeetide järelkasvust. – Noorte Hääl 1. XI 1950Debora Vaarandi, Noortest luuletajatest. – Noorte Hääl 26. XI 1953Aksel Tamm, Ilmi Kolla värsiraamatut lugedes. – Looming, nr 11, 1957, lk 1753–1756Villem Tiskre (=Bernard Kangro), Mul pole jumalat. – Tulimuld, nr &#8230;</p>
