{"id":8544,"date":"2024-04-03T23:40:53","date_gmt":"2024-04-03T20:40:53","guid":{"rendered":"https:\/\/sisu.ut.ee\/ewod\/?page_id=8544"},"modified":"2026-04-23T15:14:40","modified_gmt":"2026-04-23T12:14:40","slug":"tarmo-teder","status":"publish","type":"page","link":"https:\/\/ewod.ut.ee\/et\/t\/tarmo-teder\/","title":{"rendered":"Tarmo Teder"},"content":{"rendered":"<figure class=\"wp-block-image alignright size-large is-resized\"><a href=\"https:\/\/sisu.ut.ee\/wp-content\/uploads\/sites\/108\/tarmo_teder_kalju_suur-scaled.jpg\"><img loading=\"lazy\" decoding=\"async\" width=\"713\" height=\"1024\" src=\"https:\/\/sisu.ut.ee\/wp-content\/uploads\/sites\/108\/tarmo_teder_kalju_suur-713x1024.jpg\" alt=\"\" class=\"wp-image-6158\" style=\"aspect-ratio:0.6962800702720812;width:300px;height:auto\" title=\"Foto: Kalju Suur\" srcset=\"https:\/\/sisu.ut.ee\/wp-content\/uploads\/sites\/108\/tarmo_teder_kalju_suur-713x1024.jpg 713w, https:\/\/sisu.ut.ee\/wp-content\/uploads\/sites\/108\/tarmo_teder_kalju_suur-209x300.jpg 209w, https:\/\/sisu.ut.ee\/wp-content\/uploads\/sites\/108\/tarmo_teder_kalju_suur-768x1103.jpg 768w, https:\/\/sisu.ut.ee\/wp-content\/uploads\/sites\/108\/tarmo_teder_kalju_suur-1069x1536.jpg 1069w, https:\/\/sisu.ut.ee\/wp-content\/uploads\/sites\/108\/tarmo_teder_kalju_suur-1426x2048.jpg 1426w, https:\/\/sisu.ut.ee\/wp-content\/uploads\/sites\/108\/tarmo_teder_kalju_suur-1920x2758.jpg 1920w, https:\/\/sisu.ut.ee\/wp-content\/uploads\/sites\/108\/tarmo_teder_kalju_suur-scaled.jpg 1782w\" sizes=\"auto, (max-width: 713px) 100vw, 713px\"><\/a><\/figure>\n\n\n\n<p>Tarmo Teder (s. 18. IV 1958) on prosaist ning kirjandus- ja filmikriitik.<\/p>\n\n\n\n<p>S\u00fcndis Kuressaares (toonase nimega Kingissepa), \u00f5ppis Tallinna pol\u00fctehnikumis ja Kingissepa \u00f5htukoolis. T\u00f6\u00f6tas mitmel pool erinevatel lihtt\u00f6\u00f6del. Kuulus 1980ndate l\u00f5pus ja 1990ndate algul n\u00f5ukogudevastasesse performance-kunsti r\u00fchmitusse Kihhotistid, mille mitmetest liikmetest (Jaan Toomik, Vano Allsalu jt) kujunesid hiljem tunnustatud kunstnikud. Teder oli 1988. aastal Eesti Rahvusliku S\u00f5ltumatuse Partei (ERSP) asutajaliige. Aastatel 1994-1995 t\u00f6\u00f6tas Rahva H\u00e4\u00e4le toimetajana, 1995-1998 Eesti P\u00e4evalehe kultuuriosakonnas ning 1998-2013 Sirbi filmitoimetajana. Eesti Kirjanike Liidu liige alates 1996. aastast.<\/p>\n\n\n\n<p>Ajakirjanduses hakkas Teder luulet avaldama 1980., proosat 1986. aastast. Novellikogu \u201eTumedad jutud\u201c ilmus 1990, laiema tuntuse saavutas 2000ndatel, mil ilmusid nt \u201eJutte kambrist 27-1\u201c (2000) ja \u201eP\u00f6\u00f6ningujutud\u201c (2002). Teder keskendub madalama \u00fchiskonnakihi esindajatele, marginaalsetele inimestele, boheemlastele ja eluheidikutele, kes elavad elu \u00e4\u00e4realadel. \u00dcks keskseid tegevuspaiku tema loomingus on Kopli. See on realistlikult, kohati naturalistliku l\u00f5ikavusega kujutatud meestekeskne maailm. On huvitavate p\u00f6\u00f6rangutega ja rikkaliku keelekasutusega jutustaja.<\/p>\n\n\n\n<p>Romaan \u201eOnanistid\u201c (2006) heidab alkohoolikust kultuuriajakirjanikku kesksele kohale seades k\u00f5verpeeglipilgu kaasaegsele (kultuuriajakirjanduse) maailmale. Romaani peategelane satub muuhulgas ka asutusse, kus uuritakse onanismi, millest saab laiemalt sihip\u00e4ratu ja t\u00fchja tegutsemise s\u00fcnon\u00fc\u00fcm. Nii selle, kui Tederi teiste teoste puhul, on t\u00f5mmatud paralleele vene kirjaniku Venedikt Jerofejeviga.<\/p>\n\n\n\n<p>Romaani \u201eAndruse elu ja \u00f5nn\u201c (2016) peategelane on Kihnu kalur, kelle heitlikku eluteed N\u00f5ukogude ajast taasiseseisvunud Eestisse ja t\u00e4nap\u00e4eva j\u00e4lgitakse. Siingi onm olulisel kohal v\u00e4ikeste inimeste maailm \u00fches alkoholi ja keerukate inimsuhetega.<\/p>\n\n\n\n<p>Ajaloolised s\u00fcndmused p\u00f5imuvad peategelase looga ka Tederi mastaapses kolmeosalises romaanis \u201eKuusk\u00fcmmend aastat hiljem\u201c (I-III, 2017-2020), mis algab peategelase, kirjaniku <em>alter ego<\/em>na k\u00e4sitletava Jaan M\u00f5tuse viljastamisega ja vaatleb sealtpeale tema elu ja tegemisi. 1950. aastate l\u00f5pu Saaremaal alguse saav lugu j\u00f5uab kolmandas k\u00f6ites 1980. aastate Tartusse ja Tallinnasse, heites pilgu tederlike tegelaste maailma.<\/p>\n\n\n\n<p><a><\/a> Teder on p\u00e4lvinud Eesti Filmiajakirjanike \u00dchingu kriitikapreemia (2002) ning kahel korral Friedebert Tuglase novelliauhinna: 2001. aastal novelli \u201eKohtumine\u201c ja 2005. aastal \u201eViimase idealisti pildid\u201c eest.<\/p>\n\n\n\n<p><em>A. K.<\/em><\/p>\n\n\n\n<h4 class=\"wp-block-heading\"><br>Raamatud eesti keeles<\/h4>\n\n\n\n<p><em><strong>Romaanid<\/strong><\/em><br><strong>Kurat kargas p\u00e4he<\/strong>. Tallinn: Eesti Raamat, 1995, 179 lk.<br><strong>Onanistid<\/strong>: sada tundi kultuuriajakirjaniku elust. Tallinn: Tuum, 2006, 222 lk.<br><strong>Vanaisa tuletorn<\/strong>. Tallinn: Varrak, 2010, 220 lk.<br><strong>Andruse elu ja \u00f5nn<\/strong>. Tallinn: Eesti Keele Sihtasutus, 2016, 101 lk.<br><strong>Kuusk\u00fcmmend aastat hiljem. M\u00f5tuse Jaani elu ja inimesed I<\/strong>. Tallinn: EKSA, 2017, 678 lk.<br><strong>Kuusk\u00fcmmend aastat hiljem. M\u00f5tuse Jaani elu ja inimesed II<\/strong>. Tallinn: EKSA, 2019, 310 lk.<br><strong>Kuusk\u00fcmmend aastat hiljem. M\u00f5tuse Jaani vangid, joodikud ja vargad III<\/strong>. Tallinn: EKSA, 2020, 435 lk.<\/p>\n\n\n\n<p><em><strong>Jutud<\/strong><\/em><br><strong>Tumedad jutud<\/strong>. Tallinn: Eesti Raamat, 1990, 189 lk.<br><strong>Jutte kambrist 27-1<\/strong>. Tallinn: Varrak, 2000, 285 lk.<br><strong>P\u00f6\u00f6ningujutud<\/strong>. Tallinn: Eesti Keele Sihtasutus, 2002, 252 lk.<br><strong>Luurejutud<\/strong>. Tallinn: Eesti Keele Sihtasutus, 2004, 183 lk.<br><strong>12 j\u00f5ulujuttu<\/strong>. Tallinn: Varrak, 2008, 127 lk.<br><strong>Keedetud hinged<\/strong>. Tallinn: Eesti Raamat, 2012, 127 lk.<br><strong>Ahistuse jutud<\/strong>. Tallinn: Eesti Keele Sihtasutus, 2018, 238 lk.<br><strong>Surmajutud<\/strong>. Tallinn: EKSA, 2023, 196 lk.<br><strong>K\u00e4rakajutud<\/strong>. Tallinn: EKSA, 2024, 252 lk.<\/p>\n\n\n\n<p><em><strong>Luule<\/strong><\/em><br><strong>Taevatule valgel<\/strong>. Tallinn: FC Boheem, 1995, 135 lk.<br><strong>Angerjap\u00f5\u00f5sa varjud<\/strong>. Tallinn: FC Boheem, 2001, 69 lk.<\/p>\n\n\n\n<p><em><strong>Artiklikogumikud<\/strong><\/em><br><strong>Igemest ja abemest<\/strong>. Tallinn: Mardikas, 2008, 183 lk.<\/p>\n","protected":false},"excerpt":{"rendered":"<p>Tarmo Teder (s. 18. IV 1958) on prosaist ning kirjandus- ja filmikriitik. S\u00fcndis Kuressaares (toonase nimega Kingissepa), \u00f5ppis Tallinna pol\u00fctehnikumis ja Kingissepa \u00f5htukoolis. T\u00f6\u00f6tas mitmel pool erinevatel lihtt\u00f6\u00f6del. Kuulus 1980ndate l\u00f5pus ja 1990ndate algul n\u00f5ukogudevastasesse performance-kunsti r\u00fchmitusse Kihhotistid, mille mitmetest &#8230;<\/p>\n","protected":false},"author":43,"featured_media":0,"parent":6510,"menu_order":0,"comment_status":"closed","ping_status":"closed","template":"","meta":{"_acf_changed":false,"inline_featured_image":false,"footnotes":""},"class_list":["post-8544","page","type-page","status-publish","hentry"],"acf":[],"_links":{"self":[{"href":"https:\/\/ewod.ut.ee\/et\/wp-json\/wp\/v2\/pages\/8544","targetHints":{"allow":["GET"]}}],"collection":[{"href":"https:\/\/ewod.ut.ee\/et\/wp-json\/wp\/v2\/pages"}],"about":[{"href":"https:\/\/ewod.ut.ee\/et\/wp-json\/wp\/v2\/types\/page"}],"author":[{"embeddable":true,"href":"https:\/\/ewod.ut.ee\/et\/wp-json\/wp\/v2\/users\/43"}],"replies":[{"embeddable":true,"href":"https:\/\/ewod.ut.ee\/et\/wp-json\/wp\/v2\/comments?post=8544"}],"version-history":[{"count":5,"href":"https:\/\/ewod.ut.ee\/et\/wp-json\/wp\/v2\/pages\/8544\/revisions"}],"predecessor-version":[{"id":8553,"href":"https:\/\/ewod.ut.ee\/et\/wp-json\/wp\/v2\/pages\/8544\/revisions\/8553"}],"up":[{"embeddable":true,"href":"https:\/\/ewod.ut.ee\/et\/wp-json\/wp\/v2\/pages\/6510"}],"wp:attachment":[{"href":"https:\/\/ewod.ut.ee\/et\/wp-json\/wp\/v2\/media?parent=8544"}],"curies":[{"name":"wp","href":"https:\/\/api.w.org\/{rel}","templated":true}]}}

<figure class="wp-block-image alignright size-large is-resized"><a href="https://sisu.ut.ee/wp-content/uploads/sites/108/tarmo_teder_kalju_suur-scaled.jpg"><img loading="lazy" decoding="async" width="713" height="1024" src="https://sisu.ut.ee/wp-content/uploads/sites/108/tarmo_teder_kalju_suur-713x1024.jpg" alt="" class="wp-image-6158" style="aspect-ratio:0.6962800702720812;width:300px;height:auto" title="Foto: Kalju Suur" srcset="https://sisu.ut.ee/wp-content/uploads/sites/108/tarmo_teder_kalju_suur-713x1024.jpg 713w, https://sisu.ut.ee/wp-content/uploads/sites/108/tarmo_teder_kalju_suur-209x300.jpg 209w, https://sisu.ut.ee/wp-content/uploads/sites/108/tarmo_teder_kalju_suur-768x1103.jpg 768w, https://sisu.ut.ee/wp-content/uploads/sites/108/tarmo_teder_kalju_suur-1069x1536.jpg 1069w, https://sisu.ut.ee/wp-content/uploads/sites/108/tarmo_teder_kalju_suur-1426x2048.jpg 1426w, https://sisu.ut.ee/wp-content/uploads/sites/108/tarmo_teder_kalju_suur-1920x2758.jpg 1920w, https://sisu.ut.ee/wp-content/uploads/sites/108/tarmo_teder_kalju_suur-scaled.jpg 1782w" sizes="auto, (max-width: 713px) 100vw, 713px"></a></figure>



<p>Tarmo Teder (s. 18. IV 1958) on prosaist ning kirjandus- ja filmikriitik.</p>



<p>Sündis Kuressaares (toonase nimega Kingissepa), õppis Tallinna polütehnikumis ja Kingissepa õhtukoolis. Töötas mitmel pool erinevatel lihttöödel. Kuulus 1980ndate lõpus ja 1990ndate algul nõukogudevastasesse performance-kunsti rühmitusse Kihhotistid, mille mitmetest liikmetest (Jaan Toomik, Vano Allsalu jt) kujunesid hiljem tunnustatud kunstnikud. Teder oli 1988. aastal Eesti Rahvusliku Sõltumatuse Partei (ERSP) asutajaliige. Aastatel 1994-1995 töötas Rahva Hääle toimetajana, 1995-1998 Eesti Päevalehe kultuuriosakonnas ning 1998-2013 Sirbi filmitoimetajana. Eesti Kirjanike Liidu liige alates 1996. aastast.</p>



<p>Ajakirjanduses hakkas Teder luulet avaldama 1980., proosat 1986. aastast. Novellikogu „Tumedad jutud“ ilmus 1990, laiema tuntuse saavutas 2000ndatel, mil ilmusid nt „Jutte kambrist 27-1“ (2000) ja „Pööningujutud“ (2002). Teder keskendub madalama ühiskonnakihi esindajatele, marginaalsetele inimestele, boheemlastele ja eluheidikutele, kes elavad elu äärealadel. Üks keskseid tegevuspaiku tema loomingus on Kopli. See on realistlikult, kohati naturalistliku lõikavusega kujutatud meestekeskne maailm. On huvitavate pöörangutega ja rikkaliku keelekasutusega jutustaja.</p>



<p>Romaan „Onanistid“ (2006) heidab alkohoolikust kultuuriajakirjanikku kesksele kohale seades kõverpeeglipilgu kaasaegsele (kultuuriajakirjanduse) maailmale. Romaani peategelane satub muuhulgas ka asutusse, kus uuritakse onanismi, millest saab laiemalt sihipäratu ja tühja tegutsemise sünonüüm. Nii selle, kui Tederi teiste teoste puhul, on tõmmatud paralleele vene kirjaniku Venedikt Jerofejeviga.</p>



<p>Romaani „Andruse elu ja õnn“ (2016) peategelane on Kihnu kalur, kelle heitlikku eluteed Nõukogude ajast taasiseseisvunud Eestisse ja tänapäeva jälgitakse. Siingi onm olulisel kohal väikeste inimeste maailm ühes alkoholi ja keerukate inimsuhetega.</p>



<p>Ajaloolised sündmused põimuvad peategelase looga ka Tederi mastaapses kolmeosalises romaanis „Kuuskümmend aastat hiljem“ (I-III, 2017-2020), mis algab peategelase, kirjaniku <em>alter ego</em>na käsitletava Jaan Mõtuse viljastamisega ja vaatleb sealtpeale tema elu ja tegemisi. 1950. aastate lõpu Saaremaal alguse saav lugu jõuab kolmandas köites 1980. aastate Tartusse ja Tallinnasse, heites pilgu tederlike tegelaste maailma.</p>



<p><a></a> Teder on pälvinud Eesti Filmiajakirjanike Ühingu kriitikapreemia (2002) ning kahel korral Friedebert Tuglase novelliauhinna: 2001. aastal novelli „Kohtumine“ ja 2005. aastal „Viimase idealisti pildid“ eest.</p>



<p><em>A. K.</em></p>



<h4 class="wp-block-heading"><br>Raamatud eesti keeles</h4>



<p><em><strong>Romaanid</strong></em><br><strong>Kurat kargas pähe</strong>. Tallinn: Eesti Raamat, 1995, 179 lk.<br><strong>Onanistid</strong>: sada tundi kultuuriajakirjaniku elust. Tallinn: Tuum, 2006, 222 lk.<br><strong>Vanaisa tuletorn</strong>. Tallinn: Varrak, 2010, 220 lk.<br><strong>Andruse elu ja õnn</strong>. Tallinn: Eesti Keele Sihtasutus, 2016, 101 lk.<br><strong>Kuuskümmend aastat hiljem. Mõtuse Jaani elu ja inimesed I</strong>. Tallinn: EKSA, 2017, 678 lk.<br><strong>Kuuskümmend aastat hiljem. Mõtuse Jaani elu ja inimesed II</strong>. Tallinn: EKSA, 2019, 310 lk.<br><strong>Kuuskümmend aastat hiljem. Mõtuse Jaani vangid, joodikud ja vargad III</strong>. Tallinn: EKSA, 2020, 435 lk.</p>



<p><em><strong>Jutud</strong></em><br><strong>Tumedad jutud</strong>. Tallinn: Eesti Raamat, 1990, 189 lk.<br><strong>Jutte kambrist 27-1</strong>. Tallinn: Varrak, 2000, 285 lk.<br><strong>Pööningujutud</strong>. Tallinn: Eesti Keele Sihtasutus, 2002, 252 lk.<br><strong>Luurejutud</strong>. Tallinn: Eesti Keele Sihtasutus, 2004, 183 lk.<br><strong>12 jõulujuttu</strong>. Tallinn: Varrak, 2008, 127 lk.<br><strong>Keedetud hinged</strong>. Tallinn: Eesti Raamat, 2012, 127 lk.<br><strong>Ahistuse jutud</strong>. Tallinn: Eesti Keele Sihtasutus, 2018, 238 lk.<br><strong>Surmajutud</strong>. Tallinn: EKSA, 2023, 196 lk.<br><strong>Kärakajutud</strong>. Tallinn: EKSA, 2024, 252 lk.</p>



<p><em><strong>Luule</strong></em><br><strong>Taevatule valgel</strong>. Tallinn: FC Boheem, 1995, 135 lk.<br><strong>Angerjapõõsa varjud</strong>. Tallinn: FC Boheem, 2001, 69 lk.</p>



<p><em><strong>Artiklikogumikud</strong></em><br><strong>Igemest ja abemest</strong>. Tallinn: Mardikas, 2008, 183 lk.</p>

<p>Tarmo Teder (s. 18. IV 1958) on prosaist ning kirjandus- ja filmikriitik. Sündis Kuressaares (toonase nimega Kingissepa), õppis Tallinna polütehnikumis ja Kingissepa õhtukoolis. Töötas mitmel pool erinevatel lihttöödel. Kuulus 1980ndate lõpus ja 1990ndate algul nõukogudevastasesse performance-kunsti rühmitusse Kihhotistid, mille mitmetest &#8230;</p>
